isor of p and 16?
16
Let v(m) be the second derivative of m**5/20 - 5*m**4/12 - m**3 + 2*m. Let l be v(6). Suppose l*a = -4*a + 36. What is the highest common divisor of a and 63?
9
Suppose 2 = -5*w + k - 0, -4*w + 2*k = 4. Suppose -3*r + 4*v + 201 + 203 = w, v = -5*r + 681. Let s = 45 - 28. Calculate the highest common divisor of r and s.
17
Suppose 6*n - 8 = 4*n. Let r be ((-112)/20)/(n/(-10)). Calculate the highest common divisor of r and 154.
14
Suppose -9*p + 390 = -4*p. Suppose r - p = 47. Calculate the greatest common factor of r and 50.
25
Let y = -96 + 126. Calculate the greatest common factor of 30 and y.
30
Suppose 2*h - 5*h - 2 = 5*j, -5*h + 2*j = -38. What is the greatest common divisor of 12 and h?
6
Let s(l) = -4*l - 4. Let g be s(-7). What is the greatest common factor of 8 and g?
8
Suppose -3*h + 3 = 4*m, -m - 13 = -5*h + 3*h. What is the greatest common factor of 2 and h?
1
Suppose -3*o + o = -68. What is the highest common divisor of o and 85?
17
Suppose -5*f - 2*z = 3*z - 110, 90 = 4*f + 5*z. Calculate the greatest common divisor of f and 30.
10
Suppose 0 = 2*k + 2*k + 3*m - 26, 0 = -5*k + 3*m + 19. Let n = k + 9. Calculate the highest common divisor of n and 2.
2
Let c = -6 - -11. Suppose 4*n + n + c*p - 600 = 0, 5*n - 600 = p. Suppose n = 2*l + 2*l. What is the greatest common factor of 20 and l?
10
Let r be (9/6 - 2)*0. Suppose 0 = 3*a + 2*j - 145 - 174, r = 2*a - j - 215. Let u = a + -37. Calculate the highest common factor of 7 and u.
7
Let y = 6 + -13. Let z = y - -6. Let f be (-6)/(-4)*(z - -45). Calculate the greatest common factor of 6 and f.
6
Let l be (-1)/(1 + (-66)/69). Let a = l - -63. Calculate the highest common divisor of a and 60.
20
Suppose 3*n = 2*n + 10. Let d be ((-85)/n)/(2/(-44)). What is the highest common factor of 17 and d?
17
Suppose -7*v + 265 = -2*v. Suppose 5*z - 3*t - 279 = -t, -z = t - v. What is the greatest common divisor of 22 and z?
11
Let l(h) = -h**2 + 7*h. Let p be (-1 - 0)/(3/(-18)). Let q be l(p). Suppose 0*b = -4*b + 192. Calculate the greatest common factor of q and b.
6
Let l = -7 + 8. Let n(v) = 0 + v + v + l - 2. Let d be n(5). Calculate the greatest common divisor of 9 and d.
9
Let n = 41 - 25. Calculate the highest common divisor of n and 2.
2
Suppose 12*o - 5 = 7*o + 5*v, -3*o - 2*v + 8 = 0. What is the highest common divisor of o and 26?
2
Let y = 10 + -6. Calculate the greatest common factor of 32 and y.
4
Suppose 3*j + 345 = 3*a + 2*a, 3*j = -a + 87. What is the greatest common factor of a and 12?
12
Let r be 2/(((-14)/8)/(-7)). Calculate the highest common factor of 32 and r.
8
Suppose 5*t + 68 = 248. Calculate the greatest common divisor of 18 and t.
18
Let k(h) = h**3 - 2*h**2 - 5*h + 18. Let i be k(6). Calculate the highest common factor of i and 22.
22
Let y = -9 - -14. Suppose 2*f - 31 = -y*w, w - 70 = -4*f - w. What is the greatest common divisor of f and 9?
9
Let u(y) = y + 1. Let c be u(6). Let h = -22 - -36. What is the greatest common divisor of h and c?
7
Suppose -4*v + 69 = -15. What is the greatest common divisor of v and 21?
21
Suppose -36 = -5*v + 14. Let r = v + 0. What is the greatest common factor of r and 25?
5
Let b be (0 - (-2)/4)*-16. Let v = b + 5. Let i be ((-3)/(-4))/(v/(-192)). What is the greatest common divisor of i and 12?
12
Let h = 12 + -9. Let d be (10/(-3))/(h/(-18)). Calculate the highest common factor of d and 8.
4
Suppose 2*l - 3*l - 66 = 0. Suppose -2*m - 3*m + 75 = 0. Let i = m - l. Calculate the highest common factor of 9 and i.
9
Let i = 13 + -10. Let s be (-2)/(((-3)/i)/8). What is the highest common divisor of 4 and s?
4
Let t(x) = 11*x - 8. Let m(q) = -q - 1. Let v(l) = -5*m(l) + t(l). Let h be v(3). Let c = -2 - -17. What is the highest common factor of c and h?
15
Let k be (-1 + (-15)/9)*-3. Let s be 57*(k/(-6) - -2). Suppose -4*t + 90 = s. What is the highest common factor of t and 13?
13
Let r = 3 - -1. Let w(o) = 2*o - 5. Let k be w(r). Suppose n + 8 = k*n. What is the greatest common factor of 4 and n?
4
Suppose 0 = f - 5*l - 4, -3*f - 3*l + 32 = 2*l. Let k be (3/(-1))/(-3) + f. Let r be 2/k + 168/10. What is the greatest common divisor of r and 17?
17
Suppose p - 2*n - 12 = 5*p, 2 = 2*p + 5*n. Let o(k) = 3*k**2 - 5*k. Let m be o(p). What is the greatest common factor of m and 17?
17
Let x = 153 + -103. Calculate the greatest common divisor of x and 125.
25
Let y be 8/(4 + 1 + -4). Let o be (-2 + 8)/3 + 0. Let c be (-55)/o*y/(-5). Calculate the greatest common divisor of c and 4.
4
Let b = -186 - -326. Calculate the greatest common factor of b and 35.
35
Let w be -30 - -24 - -2*95. Calculate the highest common divisor of w and 23.
23
Suppose -3*f - 6 = -6*f. Let x be (-1 + 1 + -19)/(-1). Let v = x + -5. What is the greatest common divisor of v and f?
2
Let f be (-4)/(-2 + 216/111). Suppose -4*j - 84 - 88 = -4*d, f = 2*d + 2*j. Calculate the highest common divisor of d and 4.
4
Suppose 2*h - g = 108, 0 = -h + 5*g - 3*g + 48. Let c(u) = u**3 - 10*u**2 + 12*u - 20. Let t be c(9). What is the greatest common divisor of t and h?
7
Suppose -6*o + 119 + 1003 = 0. Let h = 12 - -5. Calculate the highest common factor of h and o.
17
Let o = 9 + -4. Let u = -5 - -25. What is the greatest common divisor of o and u?
5
Suppose -10 = l - 5*u, -4*l - 2*u + 0*u = -4. Suppose 4*c - 8 = -l*c. Calculate the greatest common factor of c and 6.
2
Let z be -3 + -1 + 6 + 4. Suppose 5*m - z = 24. Calculate the highest common divisor of 42 and m.
6
Suppose -11 = -2*v - 7. What is the greatest common divisor of 3 and v?
1
Let g = -44 + 19. Let v be 7/5 - 15/g. Let b be v/11 + 1098/11. Calculate the greatest common factor of b and 10.
10
Let o(r) = r**3 + 2*r**2 - 3*r - 3. Let s be o(-2). Let p be s/(3 + 8/(-3)). What is the highest common factor of p and 72?
9
Let r = -44 + 69. What is the greatest common divisor of r and 275?
25
Let l(j) = 18*j**3 + 5*j**2 + 4*j + 5. Suppose 10 = -5*k - 10. Let w be l(k). Let t be w/(-15) - 2/10. What is the highest common divisor of 8 and t?
8
Suppose -5*w + 21 = -79. Calculate the highest common factor of 30 and w.
10
Suppose -5*s + 117 = -13. Calculate the highest common factor of s and 208.
26
Let u = -16 + 93. Calculate the greatest common divisor of 11 and u.
11
Let h(a) = a**2 + 7*a - 2. Let d be h(-4). Let u = 8 + d. Let l = 12 + u. Calculate the greatest common factor of l and 66.
6
Suppose -5*f + 88 + 2 = 0. Calculate the highest common divisor of 18 and f.
18
Suppose -4*b - 85 = -13. Let v be 4/(-18) - 1588/b. What is the highest common divisor of 8 and v?
8
Let a be (5 + -7)*14/4. Let c = 111 + a. Calculate the highest common divisor of 13 and c.
13
Suppose -3*d + 16 = 5*q, -2*q + 3 = 2*d - 5. Suppose -q*c = 3*c - 75. Let h be ((-2064)/43)/(2/(-5) - 0). Calculate the highest common divisor of c and h.
15
Suppose -2*w + 25 = 1. Let m = 5 - w. Let r be -2 - (m + (2 - 2)). What is the highest common factor of 55 and r?
5
Let c(g) = 48*g**2 - g - 1. Let u be c(-1). Calculate the highest common factor of 72 and u.
24
Suppose u - 137 = 2*u. Suppose -4*f + 172 = -2*v - 6*f, -4*v + f - 319 = 0. Let a = v - u. Calculate the greatest common divisor of a and 7.
7
Let n be 1 + 13*1 - 1. Let v(a) = -a**2 + 18*a + 13. Let k be v(18). Calculate the greatest common factor of k and n.
13
Suppose -3*s - 96 = -7*s. Calculate the highest common divisor of s and 12.
12
Suppose 3*f - j - 354 = -0*j, 225 = 2*f + 3*j. What is the highest common divisor of f and 13?
13
Let k(g) be the third derivative of 0 - 7/24*g**4 - 1/60*g**5 + g**2 + 1/3*g**3 + 0*g. Let y be k(-6). What is the highest common factor of y and 4?
4
Suppose -89 - 121 = -5*w. Calculate the greatest common factor of 14 and w.
14
Suppose -2*i + 0*i - 8 = 0. Let l = i - -4. Suppose -5*n = -l*k - 3*k - 153, -3*n = -3*k - 93. Calculate the greatest common divisor of 20 and n.
10
Let n(y) = y**2 - 5*y - 6. Let a(h) = -h + 7. Let w be a(6). Let j be (0/(-1) - w)*-11. Let u be n(j). What is the highest common divisor of 24 and u?
12
Let g be (-1)/((-3)/123 - 0). Let p = g + -8. Calculate the greatest common divisor of p and 11.
11
Let w be 2/(-14) + 3861/77. Calculate the highest common factor of w and 20.
10
Let y = 2 + 0. Suppose -y*a + 42 = 10. Suppose -4*s + 20